What is -3 + 7 - (8 - 0 - (-59 + 65))?
2
Calculate 1 - -16 - ((6 - 14 - -10) + -6).
21
Calculate (-26 - (-10 + 0)) + 9.
-7
(10 - (6 + 9)) + -1
-6
Calculate 20 - ((-5 - (4 + -8 - 12)) + -6).
15
What is the value of (15 - 38) + 51 - 12?
16
What is the value of -1 + 33 - (-1531 - -1567)?
-4
Evaluate 105 + -124 + (-4 - -30).
7
Calculate 4 - (-1 - 1) - (-10 - -15).
1
What is 20 + (-8 - -11) + -14?
9
Evaluate (1 - -5) + (-7 + 3 + -12 - -6).
-4
Calculate 8 - (-5 - (-27 + 9)) - -18.
13
Evaluate -3 + (7 - 17) - -14.
1
What is (-2 + 45 - -1) + (85 - 37 - 59)?
33
Evaluate 1 + 5 - (-7 + (-9 - -10)).
12
What is the value of -1 + -24 + 8 - -6?
-11
What is the value of 6 + (-7 - 6) + (-3 - 2 - -7)?
-5
Evaluate (-8 - -21 - 31) + 11.
-7
Calculate -6 + -7 + (2 + -3 + 43 - 4).
25
What is (10 - -5) + -4 + (-3 - -2) + 10?
20
What is -2 + 16 + -24 - 1?
-11
-5 - (-1 + 13) - (0 + -9)
-8
What is the value of (137 - 132 - (6 - -1)) + -4?
-6
-9 - -13 - -6 - 26
-16
What is 5 + (-5 - (-16 + 8)) - 21?
-13
What is the value of (-23 - 5) + -173 + 179?
-22
Calculate 7 - 9 - 3 - 8.
-13
-6 - -7 - -6 - 19
-12
(0 - -1) + -2 + (5 - (35 - 35))
4
Calculate -5 - (27 - -1 - (-13 - -33 - 20)).
-33
What is -3 - -12 - (-6 - 11 - -14)?
12
Calculate 33 + (8 + -14 - (2 - 5)).
30
What is 8 + -1 - (2 - 14 - (28 + -43))?
4
What is (8 + -9 - 13) + 26?
12
6 - 13 - (-5 - 5) - (1 + 0)
2
Calculate -3 - -8 - (10 + -7) - 34.
-32
Evaluate (3 - 1) + 1 - (20 - 4).
-13
Evaluate 4 - ((-12 - -13) + -4 + 7 + -1).
1
What is (-28 - -41) + -15 + 4?
2
What is (15 + -7 - 23) + 20 + -21?
-16
0 + -2 + (-18 + 81 - 66)
-5
Calculate 0 + -44 - -14 - -18.
-12
(-2 - -4) + -8 + -3 + 8 + -9
-10
Calculate 0 + -2 + (17 - 29) - (0 - 1).
-13
Calculate 11 - ((-9 - 3) + 35).
-12
Calculate (36 + -18 - 1) + -17.
0
Calculate (-601 - -600) + -2 + (-2 - -1).
-4
Evaluate -5 - (0 - ((-7 + 2 - 1) + 12)).
1
Evaluate ((-3 - -9) + -5 - (3 + -7)) + -11.
-6
Evaluate -10 - (-6 + 10 - 4).
-10
66 + -91 - (3 + -8 + 9)
-29
Calculate (7 - 27) + (10 - (2 + 1)) + -1.
-14
Calculate 38 - (-41 - -136 - 32).
-25
Evaluate 68 - 38 - (-1 + 33).
-2
What is 18 - (-12 + 27 - -31) - -14?
-14
What is 4 + -1 + (42 - (59 + -31))?
17
What is the value of -66 + 5 + 12 + 14?
-35
28 + (-47 + 39 - (2 + -5 + 4))
19
What is the value of -11 + 18 + 8 + 4?
19
Calculate (-6 - 16 - (14 - 8 - 10)) + 7.
-11
Calculate -2 - (8 + (-26 + 15 - -14)).
-13
Calculate (-20 - -5 - -14) + 20.
19
-6 - 2 - (8 - -5 - 15)
-6
-8 - (2 + 12 + -10)
-12
Evaluate -18 + (30 - 24 - -15).
3
What is the value of -14 + 2 + (-1 - (-11 + 3)) + -10?
-15
Calculate (96 - 145) + 21 + 0.
-28
(42 - 42) + (-23 - 1) + (-3 - -10)
-17
What is the value of 9 + (4 + -29 - -11) - 8?
-13
What is the value of (7 - (18 + -11)) + (6 - -1) + 7?
14
Calculate 1 + -6 - (-43 + 39 + (-13 - 1)).
13
(43 - 36 - -20) + 8
35
Evaluate -11 + ((7 - 23) + 9 - (-10 - -1)).
-9
Calculate -1 + -1 + -4 + -3 + 18 - -6.
15
Calculate 15 - (1 + (7 - 4)).
11
What is 3 - -6 - (10 + 27 + -10)?
-18
Calculate 32 + (8 - 59) + 27.
8
What is (-10 - (10 - 21 - 7)) + 1?
9
What is -6 + -5 - 2 - (-1 + -4)?
-8
Calculate (6 + (2 - 4) - 13) + (-16 - -8).
-17
Calculate (-28 - -12 - -7) + 4 + -1 + -1.
-7
Evaluate 22 - (21 + (-8 - 4)).
13
What is 3 - (-2 + (-5 - -1)) - (45 + -16)?
-20
-14 + (-14 - (33 + -45 - (-4 - 1)))
-21
What is (4 - 4) + (-34 - -38)?
4
15 + (-6 - -4) + -22
-9
What is 17 - 0 - (-212 - -241)?
-12
What is the value of 13 + (24 - 33) + 3?
7
-18 - (-54 - -52) - (0 - (1 - 8))
-23
What is 7 - (0 - (1 - 0) - (-25 - -3))?
-14
(-7 - (3 - (-1 - -9))) + (3 - 24)
-23
What is (-41 - -10) + 42 + 16?
27
Evaluate (3 - 7) + 1 + -2.
-5
Calculate (161 - 159) + (1 - ((-2 - -1) + 3)).
1
What is the value of 1 - ((-9 - 8) + 17)?
1
(-21 - -7) + 16 + 4 + -4 + -6
-4
-3 + 4 + -2 - ((2 - 9) + -4)
10
What is 1 - (21 - (-20 + 20))?
-20
What is the value of 1 + 2 + -10 - -5 - (-3 - 4)?
5
Calculate 6 + -2 - ((-18 - -11) + 20).
-9
What is the value of -29 + 35 - (17 + 0 - 3)?
-8
Calculate -7 + (0 + (2 - 3) - (-77 + 79)).
-10
What is the value of -118 + 118 + (2 - 24)?
-22
What is the value of -14 - -25 - -10 - 8?
13
Evaluate -18 - (5 + -22 + 23).
-24
Evaluate (6 - 0) + (15 - 11) + -2 + 4.
12
Evaluate 1 + (-16 - (8 - 16)).
-7
What is the value of -5 + (19 - (-35 + 57))?
-8
Evaluate (26 + -82 - -31) + 23.
-2
What is the value of (1 - 13) + 76 + -72 + 39?
31
(40 - 41) + -6 + 5 + -7 + -1
-10
Calculate -6 + 0 + (18 + -17 - (9 - 4)).
-10
What is the value of (-9 - -16) + (-13 - -4)?
-2
Evaluate -12 + -3 + 5 + (-2 - 1).
-13
(2 - 1 - (7 - 3)) + 9
6
Evaluate -16 + 4 + -24 + 0.
-36
-9 - (1 - ((-13 - (-2 + -4)) + 8))
-9
Evaluate ((6 - 6) + -3 - -7) + 8 + -4.
8
Calculate 15 - (18 + -5 + -23 - -1).
24
What is -6 + 6 + 15 + -30?
-15
Evaluate 4 + -4 + 4 - (-15 - -10 - 0).
9
What is the value of (46 - 15 - -1) + 0?
32
What is the value of -8 - (5 - 9) - (3 + 3)?
-10
Evaluate (4 - 6 - 1) + (2 - 27) + 14.
-14
What is 0 - -12 - (181 - 178)?
9
What is 1 + 6 + (2 + 4 - (-141 - -168))?
-14
Evaluate 3 - (17 + 1 + (-32 - -31)).
-14
Calculate -1 - ((-12 - (5 + -11)) + 1).
4
What is the value of -27 + (30 + 43 - 28)?
18
What is (-44 - -31 - -27) + -42?
-28
Evaluate (11 - 13) + 11 - (-2 - -2).
9
-146 + 148 + -2 + 4
4
What is the value of (-17 - -12) + (7 - 5 - 7)?
-10
What is the value of -8 + 2 + 11 + -5 - -2?
2
Evaluate 38 + -2 + 2 - 3 - (166 - 157).
26
Evaluate -486 - -485 - (2 - (-3 - -18)).
12
Calculate 6 + (-2 - -4) + (-3 + 6 - 14).
-3
Evaluate -23 + 3 + 3 + -1 - (-49 - -48).
-17
Calculate -12 + (-1 - -18) + (-16 - -3).
-8
What is (36 - (44 + -16)) + -8 + -1 - 8?
-9
What is the value of (-11 - -1) + (-9 - -29) - 27?
-17
What is the value of (44 - (129 - 62)) + (1 + -3 - -7)?
-18
What is -5 + (-43 - -32) - -34?
18
Calculate -13 + (0 - (-7 - -13 - 2)) + 8.
-9
-13 - (-19 - -14 - (-1 - (8 + -3)))
-14
Calculate -22 - (-10 + -8 + 3).
-7
What is -7 + 5 - (-40 + 36 + 2 + -5)?
5
Calculate 4 + -5 + 12 - (-14 - -34).
-9
Calculate 21 + -4 + 6 + 2 + (-51 - -49).
23
What is the value of -3 - 1 - ((17 - (-9 - -26)) + 16)?
-20
Calculate (0 - -2) + (30 - 14) + 18.
36
Evaluate -28 + 14 + (18 - 23).
-19
Calculate -40 - (-84 - -34 - -31).
-21
Calculate 13 - (-8 + (1 - 14) + 26).
8
What is -7 + (0 - -34 - ((19 - 6) + -9))?
23
What is the value of -4 + (2 - 3 - -3) + -5?
-7
What is the value of (6 - 3) + -3 + -5 + 3 + -7?
-9
What is 11 + 0 + 368 + -354?
25
Evaluate (-1 - -8) + -18 + 11 - (-10 + -1).
11
What is the value of 2 + (-2 - 7) - (-71 - -60)?
4
What is -5 + (1 - 1) + 10 + (-16 - -18)?
7
-2 - ((-5 + 4 - -6 - -2) + -2)
-7
-59 + 77 - ((-8 - 3) + 5)
24
Calculate 10 - (-1 - 12 - -22).
1
Evaluate 19 + 3 + -1 - (-200 - -210) - 10.
1
What is -22 + 43 + -33 + 6?
-6
Evaluate -309 - -302 - (3 + -3 + 0).
-7
Evaluate -11 - (-7 - -6) - 9.
-19
Evaluate 16 + -9 + (2 + 4 - (3 - 0)).
10
Calculate 56 + -63 - (0 - 0).
-7
What is 7 + -1 + 8 + -7 + -13?
-6
What is (22 - 39 - -32) + -17?
-2
-36 + 7 + (8 - (-9 - -8)) + -10
-30
Evaluate 0 - (-9 + 10 - ((6 - 0) + -8)).
-3
Calculate 6 + (-3 + 11 - 7) - (-3 - -37).
-27
What is the value of -25 - ((-47 - -82) + -57)?
-3
What is the value of -31 + 30 - (-4 - 14)?
17
What is the value of -37 - -1 - ((-12 - 41) + 40)?
-23
Calculate (74 - -1) + -38 - 17.
20
Calculate 15 - (1 - (-4 + 17)) - (5 + -1).
23
What is the value of 8 + (-3 - 18 - (0 - 1))?
-12
-1 - -7 - (71 - (12 + 62))
9
Evaluate -5 + ((9 - 8) + -20 - -3) + 8.
-13
Evaluate -11 + -4 + (-27 + 23 - 9).
-28
Evaluate 31 + (20 - 31) + 1 - (0 + 3).
18
What is the value of 2 + (-19 - -6 - -21)?
10
Evaluate -173 + 180 + -1 + (3 - 17).
-8
Calculate 4 - -2 - (-54 + 64).
-4
What is the value of (-32 - -53) + 2 + -11 + 5 + -6?
11
What is the value of -11 + -4 + 36 + -3 + 5 + -10?
13
Evaluate 0 - (-4 + 9) - -21.
16
(-4 - 15) + 12 + (0 - 4)
-11
Evaluate 1 - -3 - ((19 - 12) + -8) - -5.
10
What is 18 + -18 + -3 + -16 + 19?
0
Calculate -1 + 14 + (0 - (-21 - -24)).
10
What is -1 - 4 - (15 + -27 + 5)?
2
What is -4 - (-8 + (-13 - (-6 - 1)))?
10
Calculate 31 + (34 - 27) + -11.
27
Evaluate 5 + (10 + -6 - (35 + 10)) + 6.
-30
Calculate -6 + 5 - -6 - (-24 + 15 + 7).
7
(8 - (-24 + -5)) + -8 - 10
19
0 + 7 + (19 + 70 - 114)
-18
What is the value of -15 - (4 - (-11 + (4 - -21)) - -17)?
-22
Calculate -5 - 13 - -18 - -8.
8
-8 + 2 + -24 + 10 + 8 + -2
-14
Wh